{"id":138,"date":"2020-05-02T08:51:17","date_gmt":"2020-05-02T08:51:17","guid":{"rendered":"http:\/\/www.autofficinacrassini.com\/?page_id=138"},"modified":"2020-05-22T16:46:14","modified_gmt":"2020-05-22T15:46:14","slug":"climatizzazione","status":"publish","type":"page","link":"https:\/\/www.autofficinacrassini.com\/?page_id=138","title":{"rendered":"Climatizzazione"},"content":{"rendered":"\n<p><strong>Ogni due anni \u00e8 opportuno controllare l&#8217;efficienza dell&#8217;impianto di climatizzazione tramite l&#8217;uso di appositi strumenti!<\/strong><\/p>\n\n\n\n<div class=\"wp-block-media-text alignwide has-media-on-the-right is-stacked-on-mobile is-vertically-aligned-center\" style=\"grid-template-columns:auto 44%\"><figure class=\"wp-block-media-text__media\"><img loading=\"lazy\" decoding=\"async\" width=\"350\" height=\"220\" src=\"https:\/\/www.autofficinacrassini.com\/wp-content\/uploads\/2020\/05\/clima1.jpg\" alt=\"\" class=\"wp-image-1642\" srcset=\"https:\/\/www.autofficinacrassini.com\/wp-content\/uploads\/2020\/05\/clima1.jpg 350w, https:\/\/www.autofficinacrassini.com\/wp-content\/uploads\/2020\/05\/clima1-300x189.jpg 300w\" sizes=\"auto, (max-width: 350px) 100vw, 350px\" \/><\/figure><div class=\"wp-block-media-text__content\">\n<p class=\"has-text-align-left\"><br>E&#8217; Fondamentale sapere che da diversi anni i sistemi di aria condizionata sono spariti dalle vetture lasciando spazio ai pi\u00f9 moderni sistemi di climatizzazione installati ormai di serie sulla stragrande maggioranza dei veicoli.<br>La differenza fra la due tipologie di impianti \u00e8 notevole ed assai importante; i primi erano in grado solo di generare aria fredda, mentre i secondi, essendo accoppiati al gruppo riscaldamento sono in grado anche di deumidificare l&#8217;aria del nostro abitacolo. Una corretta manutenzione degli  impianti di climatizzazione \u00e8 fondamentale per un rendimento ottimale in tutte le stagioni dell&#8217; anno.<\/p>\n<\/div><\/div>\n\n\n\n<p class=\"has-medium-font-size\"><strong>Cosa si intente per manutenzione?<\/strong><\/p>\n\n\n\n<p>Almeno con cadenza biennale l&#8217;impianto criogenico, ovvero la parte dell&#8217;impianto dove circola il gas refrigerante, va sottoposto a controllo mediante  apposita attrezzatura che in tre fasi ben distinte \u00e8 in grado di ridare massima efficienza al sistema. Queste tre fasi sono il recupero del gas fluorante, il vuoto, che permette di eliminare l&#8217;umidit\u00e0 presente nel sistema causata dall&#8217;igroscopicit\u00e0 dei gas utilizzati ed il riempimento dell&#8217;impianto con gas ed olio nuovo alla quantit\u00e0 prevista dal costruttore. Questa operazione \u00e8 legale solo se fatta presso le autofficine ed i centri che hanno conseguito un patentino per l&#8217;utilizzo di gas pericolosi per l&#8217;ambiente, diffidate sempre da chi propone le mere ricariche degli impianti di climatizzazione ad un costo eccessivamente basso.<\/p>\n","protected":false},"excerpt":{"rendered":"<p>Ogni due anni \u00e8 opportuno controllare l&#8217;efficienza dell&#8217;impianto di climatizzazione tramite l&#8217;uso di appositi strumenti! E&#8217; Fondamentale sapere che da diversi anni i sistemi di aria condizionata sono spariti dalle vetture lasciando spazio ai pi\u00f9 moderni sistemi di climatizzazione installati ormai di serie sulla stragrande maggioranza dei veicoli.La differenza fra la due tipologie di impianti \u00e8 notevole ed assai importante; i primi erano in grado solo di generare aria fredda, mentre i secondi, essendo accoppiati al gruppo riscaldamento sono in grado anche di deumidificare l&#8217;aria del nostro abitacolo. Una corretta manutenzione degli impianti di climatizzazione \u00e8 fondamentale per un rendimento&#8230; <\/p>\n","protected":false},"author":1,"featured_media":0,"parent":0,"menu_order":0,"comment_status":"closed","ping_status":"closed","template":"template-parts\/page-template-full-width.php","meta":{"footnotes":""},"class_list":["post-138","page","type-page","status-publish","hentry"],"_links":{"self":[{"href":"https:\/\/www.autofficinacrassini.com\/index.php?rest_route=\/wp\/v2\/pages\/138","targetHints":{"allow":["GET"]}}],"collection":[{"href":"https:\/\/www.autofficinacrassini.com\/index.php?rest_route=\/wp\/v2\/pages"}],"about":[{"href":"https:\/\/www.autofficinacrassini.com\/index.php?rest_route=\/wp\/v2\/types\/page"}],"author":[{"embeddable":true,"href":"https:\/\/www.autofficinacrassini.com\/index.php?rest_route=\/wp\/v2\/users\/1"}],"replies":[{"embeddable":true,"href":"https:\/\/www.autofficinacrassini.com\/index.php?rest_route=%2Fwp%2Fv2%2Fcomments&post=138"}],"version-history":[{"count":23,"href":"https:\/\/www.autofficinacrassini.com\/index.php?rest_route=\/wp\/v2\/pages\/138\/revisions"}],"predecessor-version":[{"id":1673,"href":"https:\/\/www.autofficinacrassini.com\/index.php?rest_route=\/wp\/v2\/pages\/138\/revisions\/1673"}],"wp:attachment":[{"href":"https:\/\/www.autofficinacrassini.com\/index.php?rest_route=%2Fwp%2Fv2%2Fmedia&parent=138"}],"curies":[{"name":"wp","href":"https:\/\/api.w.org\/{rel}","templated":true}]}}